{"id":70,"date":"2023-11-24T13:52:58","date_gmt":"2023-11-24T12:52:58","guid":{"rendered":"http:\/\/paulus-gemeinde.com\/?page_id=70"},"modified":"2023-12-16T22:20:42","modified_gmt":"2023-12-16T21:20:42","slug":"datenschutz","status":"publish","type":"page","link":"https:\/\/paulus-gemeinde.com\/index.php\/datenschutz\/","title":{"rendered":"Datenschutz"},"content":{"rendered":"<div data-colibri-id=\"70-c1\" class=\"style-554 style-local-70-c1 position-relative\">\n  <!---->\n  <div data-colibri-component=\"section\" data-colibri-id=\"70-c2\" id=\"custom\" class=\"h-section h-section-global-spacing d-flex align-items-lg-center align-items-md-center align-items-center style-555 style-local-70-c2 position-relative\">\n    <!---->\n    <!---->\n    <div class=\"h-section-grid-container h-section-boxed-container\">\n      <!---->\n      <div data-colibri-id=\"70-c3\" class=\"h-row-container gutters-row-lg-2 gutters-row-md-2 gutters-row-0 gutters-row-v-lg-2 gutters-row-v-md-2 gutters-row-v-2 style-558 style-local-70-c3 position-relative\">\n        <!---->\n        <div class=\"h-row justify-content-lg-center justify-content-md-center justify-content-center align-items-lg-stretch align-items-md-stretch align-items-stretch gutters-col-lg-2 gutters-col-md-2 gutters-col-0 gutters-col-v-lg-2 gutters-col-v-md-2 gutters-col-v-2\">\n          <!---->\n          <div class=\"h-column h-column-container d-flex h-col-lg-auto h-col-md-auto h-col-auto style-559-outer style-local-70-c4-outer\">\n            <div data-colibri-id=\"70-c4\" class=\"d-flex h-flex-basis h-column__inner h-px-lg-2 h-px-md-2 h-px-2 v-inner-lg-2 v-inner-md-2 v-inner-2 style-559 style-local-70-c4 position-relative\">\n              <!---->\n              <!---->\n              <div class=\"w-100 h-y-container h-column__content h-column__v-align flex-basis-100 align-self-lg-start align-self-md-start align-self-start\">\n                <!---->\n                <div data-colibri-id=\"70-c5\" class=\"h-text h-text-component style-560 style-local-70-c5 position-relative h-element\">\n                  <!---->\n                  <!---->\n                  <div class=\"\">\n                    <h1><span style=\"font-weight: 300; font-family: Khand;\">Datenschutzerkl\u00e4rung<\/span><\/h1>\n                    <p>\n                      <br>\n                    <\/p>\n                    <p><strong style=\"font-family: Calibri, sans-serif; font-size: medium; color: rgb(0, 0, 0);\">Liebe Besucher dieser Webseite,<\/strong><\/p>\n                    <p><strong style=\"font-family: Calibri, sans-serif; font-size: medium; color: rgb(0, 0, 0);\">das Thema Datenschutz ist uns sehr wichtig und der Schutz Ihrer pers\u00f6nlichen Daten liegt uns am Herzen. Aus diesem Grund m\u00f6chten wir Sie mit dieser Datenschutzerkl\u00e4rung \u00fcber die Verwendung personenbezogener Daten durch diese Webseite informieren.<\/strong><\/p>\n                    <p><span style=\"color: rgb(0, 0, 0); font-size: 14px;\">Den rechtlichen Rahmen f\u00fcr den Datenschutz bildet gem\u00e4\u00df \u00a7 91 DSGVO die Datenschutzordnung der Kirche des Nazareners in Deutschland.<\/span><\/p>\n                    <p><strong style=\"color: rgb(0, 0, 0); font-weight: 700; font-family: Calibri, sans-serif; font-size: medium;\">\ufeff<\/strong><\/p>\n                    <p><strong style=\"color: rgb(0, 0, 0); font-weight: 700; font-family: Calibri, sans-serif; font-size: medium;\">Anbieter und verantwortliche Stelle im Sinne des Datenschutzgesetzes<\/strong><\/p>\n                    <p><span style=\"color: rgb(0, 0, 0); font-size: medium; font-family: Calibri;\">Paulus-Gemeinde e.V.<br>Vertreten durch: Viktoria Rieger<br>Lessingstr. 39<br>15831 Mahlow<br>Email Verantwortlicher: info@paulus-gemeinde.com<br><\/span><\/p>\n                    <p>\n                      <br>\n                    <\/p>\n                    <p><strong style=\"color: rgb(0, 0, 0); font-weight: 700; font-family: Calibri, sans-serif; font-size: medium;\">Geltungsbereich<\/strong><\/p>\n                    <p><span style=\"font-size: medium; font-family: Calibri; color: rgb(0, 0, 0);\">Nutzer erhalten mit dieser Datenschutzerkl\u00e4rung Informationen \u00fcber die Art, den Umfang und Zweck der Erhebung und Verwendung ihrer Daten durch den verantwortlichen Anbieter erhoben und verwendet werden.<\/span><\/p>\n                    <p><span style=\"font-size: medium; font-family: Calibri; color: rgb(0, 0, 0);\">Den rechtlichen Rahmen f\u00fcr den Datenschutz bildet die Datenschutzordnung der Kirche des Nazareners in Deutschland. S\u00e4mtliche Rechte und Pflichten ergeben sich aus dieser Datenschutzordnung:&nbsp;<\/span>\n                      <a href=\"https:\/\/www.kirchedesnazareners.de\/app\/download\/12821246633\/DSO%20Kirche%20des%20Nazareners%202018-05-24.pdf?t=1527196907\" target=\"_top\" style=\"font-size: medium; font-family: Calibri; color: rgb(0, 0, 0);\" class=\"customize-unpreviewable\" rel=\"noopener\">DSO Kirche des Nazareners<\/a><span style=\"font-size: medium; font-family: Calibri; color: rgb(0, 0, 0);\">.<\/span><\/p>\n                    <p>&nbsp;<\/p>\n                    <p><strong style=\"color: rgb(0, 0, 0); font-size: medium; font-family: Calibri;\">Verarbeitungszweck<\/strong><\/p>\n                    <p><strong style=\"color: rgb(0, 0, 0); font-family: Calibri, sans-serif; font-size: medium;\"><u>Homepage<\/u><\/strong><\/p>\n                    <p><strong style=\"color: rgb(0, 0, 0); font-family: Calibri, sans-serif; font-size: medium;\">Wir stellen Ihnen unser Onlineangebot mit seinen Funktionen und Inhalten zur Verf\u00fcgung.<\/strong><\/p>\n                    <p>&nbsp;<\/p>\n                    <p><strong style=\"color: rgb(0, 0, 0); font-family: Calibri, sans-serif; font-size: medium;\"><u>Kontakt<\/u><\/strong><\/p>\n                    <p><span style=\"font-size: medium; font-family: Calibri; color: rgb(0, 0, 0);\">Wenn Sie uns per E-Mail kontaktieren, speichern wir die von Ihnen gemachten Angaben, um Ihre Anfrage beantworten und m\u00f6gliche Anschlussfragen stellen zu k\u00f6nnen.<\/span><\/p>\n                    <p>&nbsp;<\/p>\n                    <p>&nbsp;<\/p>\n                    <p><strong style=\"color: rgb(0, 0, 0); font-family: Calibri, sans-serif; font-size: medium;\"><u>Cookies<\/u><\/strong><\/p>\n                    <p><span style=\"font-size: medium; font-family: Calibri; color: rgb(0, 0, 0);\">Diese Webseite verwendet sogenannte Cookies. Das sind Textdateien, die vom Server aus auf Ihrem Rechner gespeichert werden. Sie enthalten Informationen zum Browser, zur IP-Adresse, dem Betriebssystem und zur Internetverbindung. Diese Daten werden von uns nicht an Dritte weitergegeben oder ohne ihre Zustimmung mit personenbezogenen Daten verkn\u00fcpft.<\/span><\/p>\n                    <p><span style=\"font-size: medium; font-family: Calibri; color: rgb(0, 0, 0);\">Cookies erf\u00fcllen vor allem zwei Aufgaben. Sie helfen uns, Ihnen die Navigation durch unser Angebot zu erleichtern, und erm\u00f6glichen die korrekte Darstellung der Webseite. Sie werden nicht dazu genutzt, Viren einzuschleusen oder Programme zu starten.<\/span><\/p>\n                    <p><span style=\"color: rgb(0, 0, 0); font-family: Calibri; font-size: medium;\">Nutzer haben die M\u00f6glichkeit, unser Angebot auch ohne Cookies aufzurufen. Dazu m\u00fcssen im Browser die entsprechenden Einstellungen ge\u00e4ndert werden. Informieren Sie sich bitte \u00fcber die Hilfsfunktion Ihres Browsers, wie Cookies deaktiviert werden. Wir weisen allerdings darauf hin, dass dadurch einige Funktionen dieser Webseite m\u00f6glicherweise beeintr\u00e4chtigt werden und der Nutzungskomfort eingeschr\u00e4nkt wird. Die Seiten&nbsp;<\/span>\n                      <a href=\"http:\/\/www.aboutads.info\/choices\" target=\"_top\" style=\"color: rgb(0, 0, 0); font-family: Calibri; font-size: medium;\" class=\"customize-unpreviewable\" rel=\"noopener\">http:\/\/www.aboutads.info\/choices\/<\/a><span style=\"color: rgb(0, 0, 0); font-family: Calibri; font-size: medium;\">&nbsp;(USA) und&nbsp;<\/span>\n                        <a href=\"http:\/\/www.youronlinechoices.com\/uk\/your-ad-choices\" target=\"_top\" style=\"color: rgb(0, 0, 0); font-family: Calibri; font-size: medium;\" class=\"customize-unpreviewable\" rel=\"noopener\">http:\/\/www.youronlinechoices.com\/uk\/your-ad-choices\/<\/a><span style=\"color: rgb(0, 0, 0);\">&nbsp;<\/span><span style=\"color: rgb(0, 0, 0); font-family: Calibri; font-size: medium;\">(Europa) erlauben es Ihnen, Online-Anzeigen-Cookies zu verwalten.<\/span><\/p>\n                    <p>&nbsp;<\/p>\n                    <p><strong style=\"color: rgb(0, 0, 0); font-weight: 700; font-family: Calibri, sans-serif; font-size: medium;\">Verschl\u00fcsselung<\/strong><\/p>\n                    <p><strong style=\"color: rgb(0, 0, 0); font-family: Calibri, sans-serif; font-size: medium;\">Um die Sicherheit Ihrer Daten bei der \u00dcbertragung zu sch\u00fctzen, verwenden wir den aktuellen Stand der Technik entsprechende Verschl\u00fcsselungsverfahren (z. B. SSL) \u00fcber HTTPS.<\/strong><\/p>\n                    <p>&nbsp;<\/p>\n                    <p><strong style=\"color: rgb(0, 0, 0); font-weight: 700; font-family: Calibri, sans-serif; font-size: medium;\">Datenminimierung<\/strong><\/p>\n                    <p><span style=\"font-size: medium; font-family: Calibri; color: rgb(0, 0, 0);\">Personenbezogene Daten speichern wir gem\u00e4\u00df den Grunds\u00e4tzen der Datenvermeidung und Datensparsamkeit nur so lange, wie es erforderlich ist oder vom Gesetzgeber her vorgeschrieben wird (gesetzliche Speicherfrist). Entf\u00e4llt der Zweck der erhobenen Informationen oder endet die Speicherfrist, sperren oder l\u00f6schen wir die Daten.<\/span><\/p>\n                    <p>&nbsp;<\/p>\n                    <p><strong style=\"color: rgb(0, 0, 0); font-weight: 700; font-family: Calibri, sans-serif; font-size: medium;\">Auskunft, Berichtigung, L\u00f6schung und Einschr\u00e4nkung<\/strong><\/p>\n                    <p><span style=\"font-size: medium; font-family: Calibri; color: rgb(0, 0, 0);\">Sie haben das Recht, auf Antrag unentgeltlich eine Auskunft \u00fcber die bei uns gespeicherten personenbezogenen Daten anzufordern und\/oder eine Berichtigung, L\u00f6schung oder Einschr\u00e4nkung zu verlangen. Dar\u00fcber hinaus ist ein Widerspruch gegen die Verarbeitung Ihrer Daten jederzeit m\u00f6glich.<\/span><\/p>\n                    <p><span style=\"font-size: medium; font-family: Calibri; color: rgb(0, 0, 0);\">F\u00fcr diese Zwecke kontaktieren Sie bitte unseren den Verantwortlichen per Mail an: info@paulus-nazarener.de.<br><\/span><\/p>\n                    <p>&nbsp;<\/p>\n                    <p><strong style=\"color: rgb(0, 0, 0); font-weight: 700; font-size: 14px;\">reCAPTCHA<\/strong><\/p>\n                    <p><span style=\"font-size: 14px;\">Zum Schutz Ihrer Anfragen per Internetformular verwenden wir den Dienst reCAPTCHA des Unternehmens Google Inc. (Google). Die Abfrage dient der Unterscheidung, ob die Eingabe durch einen Menschen oder missbr\u00e4uchlich durch automatisierte, maschinelle Verarbeitung erfolgt. Die Abfrage schlie\u00dft den Versand der IP-Adresse und ggf. weiterer von Google f\u00fcr den Dienst reCAPTCHA ben\u00f6tigter Daten an Google ein. Zu diesem Zweck wird Ihre Eingabe an Google \u00fcbermittelt und dort weiter verwendet. Ihre IP-Adresse wird von Google jedoch innerhalb&nbsp;<\/span>\n                      <span\n                        style=\"font-size: 14px; color: rgb(0, 0, 0);\">von<\/span><span style=\"font-size: 14px;\">&nbsp;Mitgliedstaaten der Europ\u00e4ischen Union oder in anderen Vertragsstaaten des Abkommens \u00fcber den Europ\u00e4ischen Wirtschaftsraum zuvor gek\u00fcrzt. Nur in Ausnahmef\u00e4llen wird die volle IP-Adresse an einen Server von Google in den USA \u00fcbertragen und dort gek\u00fcrzt. Im Auftrag des Betreibers dieser Website wird Google diese Informationen benutzen, um Ihre Nutzung dieses Dienstes auszuwerten. Die im Rahmen von reCaptcha von Ihrem Browser \u00fcbermittelte IP-Adresse wird nicht mit anderen Daten von Google zusammengef\u00fchrt. F\u00fcr diese Daten gelten die abweichenden Datenschutzbestimmungen des Unternehmens Google. Weitere Informationen zu den Datenschutzrichtlinien von Google finden Sie unter:&nbsp;<\/span>\n                        <a href=\"https:\/\/policies.google.com\/privacy?hl=de\" target=\"_blank\" style=\"font-size: 14px; color: rgb(134, 199, 175);\" class=\"customize-unpreviewable\" rel=\"noopener\">https:\/\/policies.google.com\/privacy?hl=de<\/a>\n                    <\/p>\n                    <p>&nbsp;<\/p>\n                    <p>&nbsp;<\/p>\n                    <p><strong style=\"color: rgb(0, 0, 0); font-size: medium; font-family: Calibri;\">Beschwerde bei der zust\u00e4ndigen Aufsichtsbeh\u00f6rde<\/strong><\/p>\n                    <p><span style=\"font-size: medium; font-family: Calibri; color: rgb(0, 0, 0);\">Als Betroffener steht Ihnen im Falle eines datenschutzrechtlichen Versto\u00dfes ein Beschwerderecht bei der zust\u00e4ndigen Aufsichtsbeh\u00f6rde zu. Zust\u00e4ndige Aufsichtsbeh\u00f6rde bez\u00fcglich datenschutzrechtlicher Fragen ist die \u201eGemeinsame Datenschutzaufsicht\u201c der entsprechenden Mitgliedskirchen. Beschwerden bei der Aufsichtsbeh\u00f6rde richten Sie bitte an folgende Email-Adresse:&nbsp;<\/span>\n                      <u\n                        style=\"font-size: medium; font-family: Calibri; color: rgb(0, 0, 0);\">datenschutz@nazarener.de<\/u><span style=\"font-size: medium; font-family: Calibri; color: rgb(0, 0, 0);\">.<\/span><\/p>\n                    <p>&nbsp;<\/p>\n                    <p><strong style=\"color: rgb(0, 0, 0); font-weight: 700; font-family: Calibri, sans-serif; font-size: medium;\">\u00c4nderung unserer Datenschutzerkl\u00e4rung<\/strong><\/p>\n                    <p><span style=\"font-size: medium; font-family: Calibri; color: rgb(0, 0, 0);\">Um zu gew\u00e4hrleisten, dass unsere Datenschutzerkl\u00e4rung stets den aktuellen gesetzlichen Vorgaben entspricht, behalten wir uns jederzeit \u00c4nderungen vor. Das gilt auch f\u00fcr den Fall, dass die Datenschutzerkl\u00e4rung aufgrund neuer oder \u00fcberarbeiteter Leistungen, zum Beispiel neuer Serviceleistungen,&nbsp;<\/span>\n                      <span\n                        style=\"font-size: 16px; font-family: Calibri; color: rgb(0, 0, 0);\">angepasst werden muss. Die neue Datenschutzerkl\u00e4rung greift dann bei Ihrem n\u00e4chsten Besuch auf unserem Angebot.<\/span>\n                    <\/p>\n                    <p>&nbsp;<\/p>\n                    <p><strong style=\"color: rgb(0, 0, 0); font-size: 14px; font-weight: 700;\">Widerruf Ihrer Einwilligung zur Datenverarbeitung<\/strong><\/p>\n                    <p><span style=\"color: rgb(0, 0, 0); font-size: 14px;\">Nur mit Ihrer ausdr\u00fccklichen Einwilligung sind einige Vorg\u00e4nge der Datenverarbeitung m\u00f6glich. Ein Widerruf Ihrer bereits erteilten Einwilligung ist jederzeit m\u00f6glich. F\u00fcr den Widerruf gen\u00fcgt eine formlose Mitteilung per E-Mail. Die Rechtm\u00e4\u00dfigkeit der bis zum Widerruf erfolgten Datenverarbeitung bleibt vom Widerruf unber\u00fchrt.<\/span><\/p>\n                    <p>&nbsp;<\/p>\n                    <p><strong style=\"color: rgb(0, 0, 0); font-size: 14px; font-weight: 700;\">Recht auf Daten\u00fcbertragbarkeit<\/strong><\/p>\n                    <p><span style=\"color: rgb(0, 0, 0); font-size: 14px;\">Ihnen steht das Recht zu, Daten, die wir auf Grundlage Ihrer Einwilligung oder in Erf\u00fcllung eines Vertrags automatisiert verarbeiten, an sich oder an Dritte aush\u00e4ndigen zu lassen. Die Bereitstellung erfolgt in einem maschinenlesbaren Format. Sofern Sie die direkte \u00dcbertragung der Daten an einen anderen Verantwortlichen verlangen, erfolgt dies nur, soweit es technisch machbar ist.<\/span><\/p>\n                    <p>&nbsp;<\/p>\n                    <p><strong style=\"color: rgb(0, 0, 0); font-size: 14px; font-weight: 700;\">YouTube<\/strong><\/p>\n                    <p><span style=\"color: rgb(0, 0, 0); font-size: 14px;\">F\u00fcr Integration und Darstellung von Videoinhalten nutzt unsere Website Plugins von YouTube. Anbieter des Videoportals ist die YouTube, LLC, 901 Cherry Ave., San Bruno, CA 94066, USA.<\/span><\/p>\n                    <p><span style=\"color: rgb(0, 0, 0); font-size: 14px;\">Bei Aufruf einer Seite mit integriertem YouTube-Plugin wird eine Verbindung zu den Servern von YouTube hergestellt. YouTube erf\u00e4hrt hierdurch, welche unserer Seiten Sie aufgerufen haben.<\/span><\/p>\n                    <p><span style=\"color: rgb(0, 0, 0); font-size: 14px;\">YouTube kann Ihr Surfverhalten direkt Ihrem pers\u00f6nlichen Profil zuzuordnen, sollten Sie in Ihrem YouTube Konto eingeloggt sein. Durch vorheriges Ausloggen haben Sie die M\u00f6glichkeit, dies zu unterbinden.<\/span><\/p>\n                    <p><span style=\"color: rgb(0, 0, 0); font-size: 14px;\">Die Nutzung von YouTube erfolgt im Interesse einer ansprechenden Darstellung unserer Online-Angebote. Dies stellt ein berechtigtes Interesse im Sinne von Art. 6 Abs. 1 lit. f DSGVO dar.<\/span><\/p>\n                    <p><span style=\"color: rgb(0, 0, 0); font-size: 14px;\">Einzelheiten zum Umgang mit Nutzerdaten finden Sie in der Datenschutzerkl\u00e4rung von YouTube unter:&nbsp;<\/span>\n                      <a href=\"https:\/\/www.google.de\/intl\/de\/policies\/privacy\" target=\"_top\" style=\"color: rgb(0, 0, 0); font-size: 14px;\" class=\"customize-unpreviewable\" rel=\"noopener\">https:\/\/www.google.de\/intl\/de\/policies\/privacy<\/a><span style=\"color: rgb(0, 0, 0); font-size: 14px;\">.<\/span><\/p>\n                    <p>&nbsp;<\/p>\n                    <p><strong style=\"color: rgb(0, 0, 0); font-family: Calibri; font-weight: 700; font-size: 14px;\">Quellen:<\/strong><span style=\"color: rgb(0, 0, 0); font-size: 9pt; font-family: Calibri;\"><br><\/span><\/p>\n                    <ul>\n                      <li><span style=\"color: rgb(0, 0, 0); font-size: 9pt; font-family: Calibri;\">Datenschutz-Konfigurator von<\/span><span style=\"color: rgb(0, 0, 0);\">&nbsp;<\/span>\n                        <a href=\"http:\/\/www.mein-datenschutzbeauftragter.de\" target=\"_blank\" style=\"color: rgb(0, 0, 0); font-size: 9pt;\" class=\"customize-unpreviewable\" rel=\"noopener\">mein-datenschutzbeauftragter.de<\/a>\n                      <\/li>\n                      <li><span style=\"color: rgb(0, 0, 0); font-size: 9pt;\">Kirche des Nazareners Deutscher Bezirk e.V.<\/span><\/li>\n                    <\/ul>\n                    <p>\n                      <br>\n                    <\/p>\n                    <p><em>F\u00fcr diesbez\u00fcgliche Zwecke kontaktieren Sie bitte unseren Datenschutzbeauftragen<br>(Viktoria Rieger &#8211; rieger.vik@gmail.com<\/em>).<\/p>\n                    <p>\n                      <br>\n                    <\/p>\n                  <\/div>\n                <\/div>\n              <\/div>\n            <\/div>\n          <\/div>\n        <\/div>\n      <\/div>\n    <\/div>\n  <\/div>\n<\/div>","protected":false},"excerpt":{"rendered":"<p>Datenschutzerkl\u00e4rung Liebe Besucher dieser Webseite, das Thema Datenschutz ist uns sehr wichtig und der Schutz Ihrer pers\u00f6nlichen Daten liegt uns am Herzen. Aus diesem Grund m\u00f6chten wir Sie mit dieser Datenschutzerkl\u00e4rung \u00fcber die Verwendung personenbezogener Daten durch diese Webseite informieren. Den rechtlichen Rahmen f\u00fcr den Datenschutz bildet gem\u00e4\u00df \u00a7 91 DSGVO die Datenschutzordnung der Kirche [&hellip;]<\/p>\n","protected":false},"author":1,"featured_media":0,"parent":0,"menu_order":0,"comment_status":"closed","ping_status":"closed","template":"page-templates\/full-width-page.php","meta":{"footnotes":""},"class_list":["post-70","page","type-page","status-publish","hentry"],"_links":{"self":[{"href":"https:\/\/paulus-gemeinde.com\/index.php\/wp-json\/wp\/v2\/pages\/70","targetHints":{"allow":["GET"]}}],"collection":[{"href":"https:\/\/paulus-gemeinde.com\/index.php\/wp-json\/wp\/v2\/pages"}],"about":[{"href":"https:\/\/paulus-gemeinde.com\/index.php\/wp-json\/wp\/v2\/types\/page"}],"author":[{"embeddable":true,"href":"https:\/\/paulus-gemeinde.com\/index.php\/wp-json\/wp\/v2\/users\/1"}],"replies":[{"embeddable":true,"href":"https:\/\/paulus-gemeinde.com\/index.php\/wp-json\/wp\/v2\/comments?post=70"}],"version-history":[{"count":5,"href":"https:\/\/paulus-gemeinde.com\/index.php\/wp-json\/wp\/v2\/pages\/70\/revisions"}],"predecessor-version":[{"id":1339,"href":"https:\/\/paulus-gemeinde.com\/index.php\/wp-json\/wp\/v2\/pages\/70\/revisions\/1339"}],"wp:attachment":[{"href":"https:\/\/paulus-gemeinde.com\/index.php\/wp-json\/wp\/v2\/media?parent=70"}],"curies":[{"name":"wp","href":"https:\/\/api.w.org\/{rel}","templated":true}]}}